 highest common divisor of 1055788 and 732?
244
What is the highest common factor of 112955 and 12095?
205
What is the greatest common factor of 138306 and 84?
42
What is the highest common divisor of 14812 and 20580?
28
Calculate the greatest common factor of 598 and 35650.
46
Calculate the greatest common divisor of 934 and 1138079.
467
Calculate the greatest common factor of 717 and 658684.
239
Calculate the highest common divisor of 60 and 67255.
5
What is the highest common factor of 136780 and 40?
20
Calculate the greatest common factor of 92 and 492568.
92
Calculate the greatest common divisor of 108 and 149804.
4
Calculate the highest common divisor of 3729 and 216621.
339
Calculate the greatest common factor of 31 and 124403.
31
What is the greatest common factor of 8840 and 4615?
65
What is the highest common factor of 12629 and 41?
1
Calculate the highest common divisor of 4804 and 6.
2
What is the highest common divisor of 8618 and 188762?
278
Calculate the greatest common factor of 181178 and 314.
314
What is the greatest common divisor of 23860362 and 618?
618
What is the greatest common factor of 37114 and 19712?
154
Calculate the greatest common divisor of 68436 and 414.
18
What is the greatest common divisor of 195331 and 62?
31
Calculate the greatest common divisor of 61896 and 108.
12
What is the greatest common factor of 638 and 48952?
58
Calculate the greatest common divisor of 13860 and 336.
84
What is the greatest common divisor of 682 and 1591106?
682
Calculate the greatest common factor of 78671 and 151.
151
What is the greatest common factor of 248 and 24490?
62
Calculate the highest common divisor of 720 and 122000.
80
Calculate the greatest common divisor of 248 and 250.
2
What is the highest common divisor of 1035 and 96?
3
What is the highest common divisor of 80 and 88720?
80
What is the greatest common divisor of 330 and 1470?
30
Calculate the highest common divisor of 12 and 6186.
6
Calculate the greatest common factor of 41134 and 262.
262
What is the greatest common factor of 30 and 2625222?
6
What is the highest common factor of 519 and 6578325?
519
What is the highest common factor of 29988 and 1989?
153
What is the highest common divisor of 3615407 and 102?
17
What is the greatest common factor of 6020 and 2324?
28
Calculate the greatest common factor of 61 and 176717.
61
Calculate the greatest common factor of 86652 and 5742.
522
Calculate the highest common factor of 300 and 42100.
100
Calculate the greatest common divisor of 577105 and 15.
5
Calculate the highest common divisor of 110403 and 188.
47
What is the greatest common divisor of 702108 and 1576?
788
Calculate the greatest common divisor of 1104 and 49956.
276
What is the highest common factor of 61845 and 434?
217
What is the highest common factor of 164 and 628?
4
Calculate the highest common factor of 1024 and 157184.
512
What is the highest common factor of 17399 and 7809?
137
Calculate the highest common divisor of 3 and 1227.
3
Calculate the highest common factor of 12 and 12004.
4
Calculate the highest common divisor of 1289545 and 73.
73
What is the highest common divisor of 50244 and 48?
12
Calculate the greatest common divisor of 32 and 6836.
4
What is the highest common factor of 86 and 168001?
43
Calculate the highest common factor of 23112 and 54.
54
What is the greatest common divisor of 184 and 184904?
8
Calculate the greatest common factor of 5600 and 161525.
175
What is the highest common divisor of 83259 and 132?
33
What is the greatest common factor of 8 and 624968?
8
What is the greatest common factor of 2640237 and 1362?
681
Calculate the greatest common factor of 550 and 2839650.
550
What is the highest common divisor of 58 and 6205594?
58
What is the greatest common divisor of 39666 and 3652?
22
What is the highest common divisor of 18 and 302553?
9
Calculate the highest common divisor of 156 and 927771.
39
Calculate the greatest common factor of 2823825 and 207.
69
What is the greatest common factor of 826 and 4023446?
826
What is the greatest common divisor of 306 and 11118?
102
What is the highest common factor of 29648 and 1360?
272
Calculate the highest common divisor of 582 and 3905026.
194
What is the highest common divisor of 17424 and 20427?
33
Calculate the highest common divisor of 10 and 22194.
2
Calculate the greatest common divisor of 31801 and 58751.
539
Calculate the highest common factor of 939408 and 12.
12
What is the greatest common divisor of 352 and 522?
2
Calculate the greatest common factor of 3018 and 78.
6
What is the greatest common factor of 4 and 25452?
4
What is the greatest common factor of 2 and 8444?
2
What is the greatest common factor of 432 and 48546?
54
What is the greatest common divisor of 171 and 285570?
171
Calculate the greatest common factor of 60 and 2753904.
12
Calculate the highest common divisor of 781 and 146899.
71
What is the greatest common divisor of 2212 and 104596?
316
What is the greatest common factor of 532 and 19817?
133
Calculate the greatest common factor of 177514 and 68.
34
What is the highest common divisor of 90 and 237204?
18
What is the highest common factor of 22334 and 130?
26
Calculate the greatest common divisor of 710 and 40612.
142
What is the highest common factor of 1107 and 293109?
123
Calculate the highest common divisor of 990 and 88935.
165
Calculate the highest common factor of 24 and 56246.
2
Calculate the highest common divisor of 187 and 386053.
17
Calculate the highest common divisor of 7847 and 7257.
59
What is the greatest common divisor of 9633 and 3549?
507
Calculate the highest common divisor of 2667 and 76200.
381
What is the highest common factor of 10 and 11870?
10
Calculate the highest common divisor of 80 and 11170.
10
Calculate the highest common divisor of 56047 and 164.
41
Calculate the highest common divisor of 4622592 and 208.
208
What is the highest common factor of 33768 and 54?
18
What is the highest common divisor of 1422 and 7218?
18
Calculate the highest common factor of 8 and 261768.
8
What is the greatest common divisor of 1596 and 38892?
84
Calculate the highest common divisor of 372385 and 337.
337
Calculate the greatest common divisor of 996 and 2760.
12
What is the highest common factor of 26088 and 564?
12
Calculate the greatest common factor of 4095 and 1157.
13
Calculate the highest common divisor of 13 and 6544668.
13
What is the highest common divisor of 26323 and 11?
11
Calculate the highest common divisor of 588 and 84672.
588
What is the greatest common factor of 565744 and 3952?
304
Calculate the greatest common divisor of 21114 and 29394.
414
Calculate the greatest common divisor of 3610 and 2034235.
1805
What is the greatest common factor of 2180 and 4290785?
545
What is the highest common divisor of 3776774 and 142?
142
What is the highest common factor of 1293306 and 294?
294
Calculate the highest common divisor of 97836 and 72.
12
What is the greatest common factor of 464 and 36076?
116
What is the greatest common factor of 48 and 122880?
48
What is the highest common divisor of 9359 and 34189?
191
What is the highest common factor of 21052 and 26869?
277
Calculate the highest common divisor of 1550 and 173135.
155
Calculate the highest common factor of 1070 and 42990.
10
What is the highest common divisor of 934062 and 246?
246
What is the greatest common factor of 21147 and 1064?
133
What is the highest common divisor of 224 and 42336?
224
Calculate the highest common factor of 1132 and 211401.
283
Calculate the highest common divisor of 209 and 98857.
209
Calculate the highest common factor of 25 and 503075.
25
Calculate the greatest common divisor of 54169 and 57.
19
What is the greatest common factor of 34 and 1072462?
34
Calculate the greatest common divisor of 15 and 33711.
3
What is the greatest common divisor of 2616 and 222687?
327
What is the highest common factor of 58308 and 5160?
516
Calculate the greatest common factor of 409 and 196.
1
What is the highest common divisor of 3136 and 4536?
56
What is the greatest common divisor of 148368 and 2810?
562
Calculate the greatest common factor of 604 and 59494.
302
Calculate the highest common divisor of 284710 and 50.
10
Calculate the gr